 remainder when 7054 is divided by 2189?
487
What is the remainder when 616 is divided by 289?
38
What is the remainder when 37333 is divided by 4?
1
Calculate the remainder when 204525 is divided by 14607.
27
What is the remainder when 144066 is divided by 18008?
2
Calculate the remainder when 194026 is divided by 583.
470
Calculate the remainder when 48506 is divided by 16165.
11
What is the remainder when 5917 is divided by 129?
112
What is the remainder when 24228 is divided by 2262?
1608
What is the remainder when 876270 is divided by 87626?
10
Calculate the remainder when 42807 is divided by 11.
6
What is the remainder when 231698 is divided by 28?
26
What is the remainder when 1858 is divided by 926?
6
What is the remainder when 1560 is divided by 356?
136
Calculate the remainder when 1815703 is divided by 11.
10
Calculate the remainder when 8118 is divided by 29.
27
Calculate the remainder when 197766 is divided by 23.
12
Calculate the remainder when 13939 is divided by 336.
163
Calculate the remainder when 3413806 is divided by 1413.
1411
What is the remainder when 14053 is divided by 7?
4
What is the remainder when 59408 is divided by 191?
7
What is the remainder when 2218 is divided by 58?
14
What is the remainder when 1145 is divided by 552?
41
Calculate the remainder when 530551 is divided by 1679.
1666
Calculate the remainder when 1206 is divided by 110.
106
What is the remainder when 22032 is divided by 110?
32
Calculate the remainder when 20826 is divided by 522.
468
What is the remainder when 8666 is divided by 133?
21
Calculate the remainder when 152475 is divided by 1210.
15
What is the remainder when 6745 is divided by 470?
165
Calculate the remainder when 1175 is divided by 165.
20
What is the remainder when 13806 is divided by 13594?
212
What is the remainder when 114473 is divided by 409?
362
What is the remainder when 4671836 is divided by 311?
305
What is the remainder when 967 is divided by 35?
22
What is the remainder when 320 is divided by 50?
20
Calculate the remainder when 2189 is divided by 66.
11
Calculate the remainder when 279803 is divided by 1943.
11
What is the remainder when 694544 is divided by 218?
214
What is the remainder when 11713 is divided by 326?
303
Calculate the remainder when 336646 is divided by 118.
110
Calculate the remainder when 865 is divided by 230.
175
What is the remainder when 32796 is divided by 142?
136
What is the remainder when 1101775 is divided by 33?
4
Calculate the remainder when 2168 is divided by 146.
124
What is the remainder when 644 is divided by 76?
36
Calculate the remainder when 407612 is divided by 96.
92
Calculate the remainder when 114339 is divided by 28561.
95
What is the remainder when 55848 is divided by 6185?
183
What is the remainder when 26193 is divided by 6523?
101
What is the remainder when 27068 is divided by 1495?
158
Calculate the remainder when 11020 is divided by 5261.
498
What is the remainder when 14187 is divided by 785?
57
Calculate the remainder when 198854 is divided by 127.
99
Calculate the remainder when 457 is divided by 71.
31
What is the remainder when 3125 is divided by 53?
51
Calculate the remainder when 89848 is divided by 22450.
48
What is the remainder when 2587 is divided by 836?
79
What is the remainder when 5644 is divided by 148?
20
Calculate the remainder when 1861 is divided by 1839.
22
Calculate the remainder when 2487 is divided by 226.
1
What is the remainder when 6305 is divided by 6182?
123
What is the remainder when 60814 is divided by 499?
435
Calculate the remainder when 59638 is divided by 59577.
61
What is the remainder when 7084 is divided by 36?
28
What is the remainder when 317079 is divided by 9?
0
Calculate the remainder when 5721 is divided by 3.
0
Calculate the remainder when 1434 is divided by 119.
6
Calculate the remainder when 57147 is divided by 724.
675
Calculate the remainder when 9323 is divided by 4661.
1
What is the remainder when 6490 is divided by 342?
334
What is the remainder when 4553 is divided by 565?
33
What is the remainder when 87148 is divided by 627?
622
What is the remainder when 2195 is divided by 98?
39
Calculate the remainder when 7563 is divided by 15.
3
Calculate the remainder when 18173 is divided by 153.
119
Calculate the remainder when 24138 is divided by 3.
0
What is the remainder when 5965 is divided by 5958?
7
What is the remainder when 35927 is divided by 2563?
45
What is the remainder when 53733 is divided by 10743?
18
Calculate the remainder when 38755 is divided by 1138.
63
What is the remainder when 6476 is divided by 136?
84
Calculate the remainder when 4825 is divided by 2318.
189
What is the remainder when 14581 is divided by 4735?
376
Calculate the remainder when 188722 is divided by 45.
37
What is the remainder when 2756 is divided by 859?
179
Calculate the remainder when 675 is divided by 298.
79
Calculate the remainder when 2975 is divided by 990.
5
What is the remainder when 61148 is divided by 6?
2
What is the remainder when 1105 is divided by 324?
133
What is the remainder when 86031 is divided by 36?
27
What is the remainder when 3789 is divided by 22?
5
What is the remainder when 1567 is divided by 394?
385
What is the remainder when 139943 is divided by 167?
164
What is the remainder when 3886 is divided by 13?
12
What is the remainder when 1741 is divided by 54?
13
What is the remainder when 400884 is divided by 21?
15
Calculate the remainder when 24847 is divided by 24836.
11
Calculate the remainder when 3313 is divided by 37.
20
What is the remainder when 6899 is divided by 6878?
21
What is the remainder when 9576 is divided by 4769?
38
What is the remainder when 9941 is divided by 2306?
717
Calculate the remainder when 2361 is divided by 531.
237
Calculate the remainder when 19443 is divided by 42.
39
Calculate the remainder when 4478 is divided by 106.
26
Calculate the remainder when 12842 is divided by 739.
279
Calculate the remainder when 3124 is divided by 774.
28
What is the remainder when 509210 is divided by 107?
104
What is the remainder when 162812 is divided by 162796?
16
What is the remainder when 7473 is divided by 7445?
28
Calculate the remainder when 80448 is divided by 54.
42
Calculate the remainder when 9140 is divided by 1523.
2
Calculate the remainder when 2363 is divided by 108.
95
What is the remainder when 2549 is divided by 813?
110
What is the remainder when 345846 is divided by 115281?
3
What is the remainder when 4559 is divided by 132?
71
Calculate the remainder when 412106 is divided by 17.
9
Calculate the remainder when 19337 is divided by 68.
25
What is the remainder when 20389 is divided by 112?
5
What is the remainder when 16101 is divided by 194?
193
What is the remainder when 164130 is divided by 54703?
21
What is the remainder when 3136 is divided by 1310?
516
Calculate the remainder when 970166 is divided by 56.
22
Calculate the remainder when 116869 is divided by 29.
28
What is the remainder when 2579 is divided by 650?
629
What is the remainder when 200967 is divided by 58?
55
What is the remainder when 34494 is divided by 11485?
39
Calculate the remainder when 44 is divided by 17.
10
Calculate the remainder when 1042698 is divided by 57.
54
Calculate the remainder when 3449 is divided by 87.
56
Calculate the remainder when 117402 is divided by 103.
85
Calculate the remainder when 14400 is divided by 38.
36
Calculate the remainder when 56319 is divided by 526.
37
What is the remainder when 390117 is divided by 4?
1
Calculate the remainder when 771925 is divided by 810.
805
What is the remainder when 188266 is divided by 31375?
16
What is the remainder when 330369 is divided by 101?
99
What is the remainder when 404186 is divided by 7?
6
What is the remainder when 722179 is divided by 3968?
3
Calculate the remainder when 147229 is divided by 4.
1
Calculate the remainder when 2771 is divided by 2615.
156
Calculate the remainder when 40365 is divided by 64.
45
What is the remainder when 2778 is divided by 855?
213
Calculate the remainder when 8585 is divided by 2118.
113
Calculate the remainder when 4832159 is divided by 16.
15
What is the remainder when 947 is divided by 142?
95
Calculate the remainder when 547616 is di